r of 5133293 and 1551.
517
What is the greatest common factor of 8970 and 90321?
69
Calculate the greatest common divisor of 52 and 3035058.
26
What is the greatest common divisor of 42781 and 1969?
179
Calculate the highest common factor of 6468 and 81048.
132
Calculate the greatest common divisor of 23243 and 1232.
11
What is the highest common factor of 144405 and 345?
15
Calculate the greatest common divisor of 6031 and 518.
37
Calculate the greatest common factor of 6307 and 74783.
901
What is the highest common factor of 2485 and 341865?
355
What is the greatest common divisor of 144 and 154704?
48
What is the greatest common divisor of 4 and 53884?
4
Calculate the greatest common divisor of 30 and 1511690.
10
What is the greatest common divisor of 868797 and 18?
9
Calculate the greatest common divisor of 224886 and 6438.
222
Calculate the highest common factor of 4018 and 7056.
98
What is the greatest common factor of 154035 and 63?
63
What is the highest common factor of 7845 and 9?
3
Calculate the greatest common divisor of 140 and 746935.
35
Calculate the highest common divisor of 2024 and 13915.
253
Calculate the highest common factor of 51837 and 15411.
1401
What is the greatest common divisor of 96321 and 6111?
291
What is the highest common factor of 403 and 567827?
403
What is the highest common divisor of 10 and 335870?
10
Calculate the highest common divisor of 7623 and 2607.
33
Calculate the greatest common factor of 8359 and 2301.
13
Calculate the greatest common divisor of 49 and 94717.
49
What is the greatest common divisor of 232 and 968?
8
Calculate the greatest common factor of 1704 and 316518.
426
What is the greatest common divisor of 532 and 410571?
133
What is the highest common factor of 178 and 14738222?
178
Calculate the highest common divisor of 370 and 2957965.
185
Calculate the greatest common divisor of 2963704 and 8.
8
Calculate the greatest common factor of 2115 and 54.
9
What is the greatest common divisor of 139288 and 184?
184
What is the highest common factor of 20 and 24530?
10
What is the highest common factor of 76466 and 65?
13
Calculate the highest common divisor of 57005 and 117.
13
What is the highest common factor of 165 and 1444245?
165
What is the highest common divisor of 8938 and 10?
2
Calculate the greatest common factor of 19 and 44669.
19
What is the highest common divisor of 500 and 1980?
20
What is the greatest common factor of 25777 and 447?
149
Calculate the greatest common divisor of 48 and 1751604.
12
What is the highest common factor of 1685024 and 396?
44
Calculate the highest common factor of 1809 and 6.
3
Calculate the highest common factor of 6025 and 975.
25
What is the greatest common divisor of 701521 and 317?
317
What is the highest common factor of 10 and 574390?
10
What is the highest common divisor of 163985 and 5?
5
What is the greatest common divisor of 42820 and 160?
20
Calculate the highest common factor of 278113 and 59081.
1441
Calculate the greatest common divisor of 338 and 190294.
338
Calculate the greatest common factor of 190269 and 162.
81
What is the greatest common factor of 413471 and 69?
23
Calculate the highest common factor of 84636 and 6.
6
Calculate the greatest common divisor of 5232 and 130146.
654
Calculate the highest common factor of 849 and 81.
3
Calculate the greatest common factor of 11075 and 25.
25
Calculate the greatest common divisor of 475 and 1463.
19
What is the highest common divisor of 1104 and 42?
6
What is the greatest common divisor of 5589 and 53217?
243
What is the highest common factor of 1272 and 97467?
159
Calculate the greatest common factor of 6448 and 19136.
208
Calculate the highest common factor of 104753 and 55319.
1177
What is the highest common divisor of 15282 and 486?
54
Calculate the greatest common divisor of 138 and 7682.
46
What is the highest common divisor of 6720 and 143040?
960
What is the highest common divisor of 20672 and 2686?
34
Calculate the highest common factor of 11985 and 100725.
255
What is the greatest common factor of 364 and 8386?
14
What is the greatest common factor of 2781040 and 100?
20
Calculate the highest common factor of 4 and 32492.
4
What is the highest common factor of 43855 and 1790?
895
What is the greatest common factor of 206609 and 18657?
691
Calculate the highest common divisor of 854 and 96929.
427
What is the highest common factor of 32 and 422576?
16
What is the highest common divisor of 110 and 4954620?
110
Calculate the greatest common divisor of 104675 and 79.
79
Calculate the highest common divisor of 1018 and 10.
2
What is the greatest common divisor of 968 and 2056?
8
What is the greatest common divisor of 1366 and 1835221?
683
Calculate the highest common divisor of 138576 and 18.
6
What is the highest common divisor of 43005 and 48495?
915
Calculate the highest common divisor of 244770 and 2050.
410
What is the greatest common factor of 304 and 326686?
38
Calculate the highest common divisor of 1092 and 1508.
52
Calculate the greatest common divisor of 769 and 3624.
1
Calculate the greatest common factor of 370 and 21260.
10
Calculate the highest common factor of 1084168 and 2120.
424
What is the highest common divisor of 20 and 5536?
4
Calculate the greatest common factor of 6650848 and 614.
614
Calculate the greatest common divisor of 3367 and 533.
13
Calculate the greatest common divisor of 18 and 129951.
9
Calculate the highest common divisor of 2911 and 5.
1
What is the highest common divisor of 11050 and 2275?
325
What is the greatest common factor of 8802 and 1318018?
326
Calculate the highest common divisor of 4041 and 1178176.
449
What is the highest common divisor of 91 and 32591?
13
What is the greatest common factor of 1 and 23539?
1
What is the greatest common divisor of 5700 and 14725?
475
Calculate the greatest common divisor of 2163 and 40788.
309
What is the highest common factor of 7932 and 516?
12
Calculate the highest common divisor of 33 and 334301.
11
What is the greatest common divisor of 8 and 3897000?
8
What is the greatest common divisor of 66670 and 678?
226
What is the highest common factor of 8872 and 72?
8
What is the highest common factor of 504 and 42000?
168
What is the highest common divisor of 420 and 4226180?
140
Calculate the greatest common divisor of 1450474 and 8806.
1258
What is the highest common divisor of 29559 and 1947?
177
What is the greatest common divisor of 110052 and 972?
108
What is the greatest common factor of 120179 and 987?
47
Calculate the highest common factor of 925 and 5238275.
925
Calculate the greatest common factor of 957 and 321.
3
Calculate the highest common divisor of 8504980 and 335.
335
What is the greatest common factor of 23456 and 256?
32
What is the greatest common factor of 53375 and 1281?
427
What is the greatest common divisor of 424 and 17278?
106
What is the highest common factor of 445 and 41165?
5
What is the highest common divisor of 75505 and 35?
5
Calculate the highest common factor of 234156 and 316.
316
Calculate the greatest common divisor of 12 and 130371.
3
What is the highest common divisor of 4739504 and 1232?
1232
Calculate the highest common divisor of 111 and 31326.
3
Calculate the highest common factor of 119495 and 45.
5
What is the highest common divisor of 112 and 41104?
112
Calculate the greatest common factor of 4 and 6134.
2
What is the greatest common factor of 326760 and 12768?
168
Calculate the highest common divisor of 40 and 319460.
20
Calculate the highest common factor of 1953 and 1010569.
217
What is the greatest common factor of 20449 and 30855?
121
What is the highest common factor of 391 and 25714?
23
What is the highest common factor of 47370 and 30?
30
What is the greatest common divisor of 60800 and 5120?
640
Calculate the highest common divisor of 7016 and 6.
2
What is the highest common factor of 171 and 20273?
19
What is the highest common factor of 25517 and 493?
17
What is the highest common factor of 126 and 19971?
63
Calculate the highest common divisor of 16973 and 11.
11
What is the greatest common divisor of 1651160 and 392?
56
What is the highest common factor of 1021746 and 528?
66
What is the greatest common divisor of 90 and 798?
6
What 